r - 24. List the prime factors of q(-21).
3, 23
Suppose -3*i + 112 = -56. What are the prime factors of i?
2, 7
Let o = 115 + 83. List the prime factors of o.
2, 3, 11
Suppose -4*f = -4*l + 32, -l - 3 = 4*f + 9. Suppose 4*j + l = 72. What are the prime factors of j?
17
Let t = -2 + 8. Let o be (6/(-4))/(t/(-16)). Suppose 5*h + 12 = o*l + 46, h - 4*l - 10 = 0. List the prime factors of h.
2, 3
Suppose -5*h + 20 = -10*h. Let v = 6 + h. Suppose -6 = -v*q + 14. What are the prime factors of q?
2, 5
Let o(t) = t**2 + 3*t - 2. Let w be o(-4). Suppose 10 = 4*h + w, -2*f + 4*h = 0. Suppose -4*y = 5*u - 21, -2*y - 5 + 35 = -f*u. What are the prime factors of y?
3
Let m(z) = z**3 - 13*z**2 + 11*z + 14. Let v(k) = k**3 - 11*k**2 + k + 1. Let j be v(11). What are the prime factors of m(j)?
2
Suppose -115 = -4*h - g, -4*g + 3*g - 125 = -4*h. What are the prime factors of h?
2, 3, 5
Suppose 0*c = -4*c. Let i(t) = t + 13. List the prime factors of i(c).
13
Let l be ((-2)/(-5))/(4/40). Suppose 3 = t + l*u, -2 = 5*u + 8. List the prime factors of t.
11
Let z be ((-60)/(-18))/(1/9). Let c = -11 + 16. Suppose -c*t + 10*t - z = 0. What are the prime factors of t?
2, 3
Let x(c) = c + 22 - 10 + 1. List the prime factors of x(6).
19
Let l(c) be the third derivative of c**7/840 - c**6/45 + 11*c**4/24 + c**3/3 + 2*c**2. Let r(k) be the first derivative of l(k). List the prime factors of r(8).
11
Let m be ((-6)/(-15))/(2/(-40)). Let w(y) = -y**3 - 8*y**2 - y - 4. What are the prime factors of w(m)?
2
Let b(r) = 4*r**2 - 14*r + 17. Let m(n) = 2*n**2 - 7*n + 9. Let d(k) = 3*b(k) - 5*m(k). Let s be (-2 - 50/(-15))*3. List the prime factors of d(s).
2, 5
Suppose 3*s = 4*s + 20. Let j = -28 - -58. Let z = s + j. What are the prime factors of z?
2, 5
Suppose -544 = -4*n + 5*a, 94 = n - a - 42. What are the prime factors of n?
2, 17
Suppose -7*k + 6*k = 0. Suppose -4*p + 4 + 3 = -r, 2*r - p - 14 = k. What are the prime factors of r?
3
Let w(u) = -u**3 - 3*u**2 - 4*u + 2. Let l be w(-4). Let b = -49 + l. List the prime factors of (b + 1)*5/(-10).
7
Suppose 2 = -x + 6. Suppose 2*h = x*h + 4*p - 16, h = -5*p + 5. List the prime factors of h.
2, 5
Let p = 30 + 15. List the prime factors of p.
3, 5
Let p = -149 + 271. Suppose -46 = 2*h - p. What are the prime factors of h?
2, 19
Let b be 0 - (-2 - (2 + 0)). Let l = 6 - b. What are the prime factors of -3 + 2 + 7 - l?
2
Let s(a) = a + 12. Let o be s(-7). Let d = 20 - o. List the prime factors of d.
3, 5
Let l(b) = -4*b**3 + 2*b**2 - 2*b - 2. Let n be l(-2). List the prime factors of n/(-5)*(-30)/12.
3, 7
Let n be 2/(-1) + 15 + 3. Suppose 4*j = y - n, -3*y + 4*j - 1 = -33. Let r = y - 6. List the prime factors of r.
2
Suppose -4*p = 2*z - 14, 2*p + 2*z - 16 = -2*z. What are the prime factors of p?
2
Let k(r) = -r + 3. Let a be k(3). Let b = 12 - a. Suppose -i + l + 3*l = -4, -3*i = -l - b. What are the prime factors of i?
2
Let i = 8 - 5. Suppose -a + 28 = i*a. Suppose -4*m + 3*z = -35, 5*m + a*z = 2*z + 70. What are the prime factors of m?
11
Suppose 0 = 3*u - 2*j - 232, -2*u + j + 4*j + 162 = 0. List the prime factors of u.
2, 19
Let n(q) = -14*q + 6. Let h be n(5). Let l be 1 + 3/((-6)/h). Suppose 0*c - l = -2*c - 5*f, -f - 42 = -5*c. List the prime factors of c.
3
Suppose -10*g + 78 = -9*g. List the prime factors of g.
2, 3, 13
Suppose -2*s = -i + 5*i, 4*s = 0. Suppose 0 = 3*k - 15 - i. Let r = k + 2. List the prime factors of r.
7
Let q(x) = x**3 + 9*x**2 - 3*x - 12. List the prime factors of q(-9).
3, 5
Suppose 2*n + 104 = -0*n. Let s = n + 37. List the prime factors of (-174)/s + (-4)/(-10).
2, 3
Let z = -54 + 25. Let g(y) = -22*y**3 + 1. Let u be g(1). Let q = u - z. What are the prime factors of q?
2
What are the prime factors of 3*5/15*132?
2, 3, 11
Let h(c) = c**3 + 6*c**2 + 5*c. Let w be h(-5). Suppose 2*t + w*t - 98 = 0. What are the prime factors of t?
7
Let w(d) = d**3 - 2*d**2 + d + 3. Let z be w(3). Let b = -4 + z. What are the prime factors of b?
11
Suppose 2*a - 17 = 25. Let s = -2 + a. What are the prime factors of s?
19
Let a(u) = -4*u**3 + 15*u**2 - 9*u. Let p(d) = 5*d**3 - 16*d**2 + 9*d + 1. Let i(m) = 4*a(m) + 3*p(m). List the prime factors of i(11).
5
Let z(j) be the third derivative of -j**4/8 + 2*j**3/3 + 2*j**2. Let s be z(5). What are the prime factors of 3 + -2 + 1 - s?
13
Let j = 135 - 79. What are the prime factors of j?
2, 7
Let o be 4*2 + (-2 - -3). Suppose -2*c - 6 = -4*c - 2*d, 0 = 3*c + 5*d - 9. Suppose c = g - o. What are the prime factors of g?
2, 3
Let f(s) = 25*s**2 - 3. What are the prime factors of f(2)?
97
Let q(r) = r**2 + 3*r. Suppose 0 = -c + 1 - 5. What are the prime factors of q(c)?
2
Let o = 59 - 41. Suppose 4*y - o = -2*f, y + 3 = 2*f - 4*f. List the prime factors of y.
7
Suppose 0 + 1 = k. Suppose -3*n = -2*n + k. List the prime factors of (36/(-15))/(n/5).
2, 3
Let y = 87 - 0. What are the prime factors of y?
3, 29
Let q(k) be the second derivative of k**4/12 - 3*k**3/2 + k**2/2 - k. What are the prime factors of q(11)?
23
Suppose -5*w - 2*j + 41 = 13, 2*w = -5*j + 7. List the prime factors of w.
2, 3
Suppose 7 = 5*n + 42. Let u = n - -18. List the prime factors of u.
11
Let j be ((-32)/(-2))/((-8)/(-4)). Let v be (-2)/8 + 18/j. Suppose -v*o + 11 = -1. What are the prime factors of o?
2, 3
Let k = 34 - -95. List the prime factors of k.
3, 43
Let j be (2 + 4)*(1 + 0). Let q(r) = r**2 - 5*r - 8. Let o be q(j). Let t(l) = -3*l - 1. List the prime factors of t(o).
5
Let v = 3 + 1. Let f = v + 0. Suppose f*n = -x + 20, -12 + 0 = n - 4*x. What are the prime factors of n?
2
Let f = 0 + 1. Let t be (-1 - (1 + -12))/f. Suppose 0 = 5*j - t - 20. What are the prime factors of j?
2, 3
What are the prime factors of 22*-1*5/(-5)?
2, 11
Suppose -4*f + 120 = -5*n, -17 = -2*f + 2*n + 41. Let c = f + 16. List the prime factors of c.
41
What are the prime factors of (0 - 3)*(-1 - 296/6)?
151
Suppose -4*p = -3*f + 2*f + 12, -60 = -5*f + p. List the prime factors of f.
2, 3
Suppose -40*g + 42*g = 78. List the prime factors of g.
3, 13
Let l(g) = -g**3 + 6*g**2 + 7*g + 7. What are the prime factors of l(6)?
7
List the prime factors of 76/3 - 2/(-3).
2, 13
Let n = 63 - 17. What are the prime factors of n?
2, 23
Let a = -5 - -7. Suppose a*u + p + 6 = 43, -5*u = -2*p - 79. What are the prime factors of u?
17
Let m be 10 - (1 - (-2 - -3)). Suppose -m = -x - 0*x. List the prime factors of x.
2, 5
Suppose 14 = 4*d - 2*s, d + 0*d = 3*s - 9. Suppose -2*y = -d*y. Suppose -r + y*r = -7. List the prime factors of r.
7
Let n = 10 + -5. Suppose n*k - 8 = 4*k. What are the prime factors of k?
2
Let m = -2 - -4. Suppose -m*o - 2*o + 48 = 3*k, 2*o = -3*k + 54. What are the prime factors of k?
2, 5
Suppose 0*m - 2*m = 0. Suppose 3*v + v - 12 = m. List the prime factors of v.
3
Suppose -5*t - 1 = 24. Let i = t + 46. What are the prime factors of i?
41
List the prime factors of 3670/50 + (-2)/5.
73
Suppose 3*b + 10 = -14. What are the prime factors of (-108)/b - 2/(-4)?
2, 7
Let l = -2 + 3. Let n be -1*(-2 - (2 - l)). Let a = n - -3. List the prime factors of a.
2, 3
Let r(u) = -50*u + 2. Let o be r(-2). Suppose -5*z - 7 = -o. List the prime factors of z.
19
Let b = 410 - 275. List the prime factors of b.
3, 5
Let u(c) = -c**3 - c**2 + 24. Let h be u(0). Let x = -17 + h. List the prime factors of x.
7
Suppose 10 = 4*g + 2*p, -4*p - 8 + 4 = 0. Suppose 0 = -g*j - 5*z + 50, -5*j + 13 + 66 = 4*z. List the prime factors of j.
3, 5
Suppose -v + 10 = 4*v. What are the prime factors of (-350)/(-12) + v/(-12)?
29
Let a(k) = k + 11. Let p be a(-8). Suppose -p = -r + 5. What are the prime factors of r?
2
Let m = 246 - 160. What are the prime factors of m?
2, 43
Let o(s) = -28*s**2 + s. Let u be o(1). Let j = u + 52. What are the prime factors of (-76)/(-10) + 10/j?
2
Let c be 2 - -4 - (0 - -1). Let q = 29 - 4. Suppose -c = 2*a - q. List the prime factors of a.
2, 5
Suppose 5*g + 37 + 38 = 0. Let c = g - -23. What are the prime factors of c?
2
Suppose 0 = -3*t - 22 + 55. Let j(n) = -n**3 + 12*n**2 - 11*n + 4. What are the prime factors of j(t)?
2
Let y(s) = 5*s - 2. List the prime factors of y(4).
2, 3
Suppose 4*d - 186 = d. List the prime factors of d.
2, 31
Let k(x) = 4*x - 3. Let c be k(2). Suppose -c*r + 12 = 4*l, 5*r = 8*l